- -2 - 1 - (1 - 1).
1
(6 - 1) + (1 - -4) + -7
3
What is 1 + 2 + -5 + (-27 - -19)?
-10
What is the value of -3 + (4 - (4 - 7))?
4
(-13 - -6 - -12) + -6
-1
4 + (-5 - -4) - 5
-2
What is the value of 2 + 8 + -3 + -10?
-3
What is (3 - 3) + (8 - (3 - -3))?
2
Calculate -4 + 9 - (59 - 43).
-11
(0 - 3 - 0) + -1 + 0
-4
What is 1 + 9 - (2 - (-18 - -12))?
2
What is the value of 7 - 4 - (6 - 5)?
2
-4 + 8 - (1 + 2)
1
Evaluate 0 - (5 - (6 + -3)) - 0.
-2
Evaluate (10 - (4 + -5)) + -10.
1
What is the value of (-2 - -1) + 3 + -1 + 0?
1
What is the value of -3 - 3 - -12 - 6?
0
What is -3 + -3 - 2 - (-46 + 41)?
-3
Evaluate -4 + (0 - -3) + 0.
-1
What is the value of -1 - (-1 + -2) - 1?
1
Calculate (5 + 2 - 7 - 3) + -1.
-4
Calculate (-3 - (0 + -3)) + 3 + -4.
-1
What is 3 - (6 + (-4 - -8 - 11))?
4
Evaluate 7 + (-1 - 3) + 1 + -2.
2
Evaluate (5 - (-4 + 14)) + 5.
0
What is the value of (2 - 4) + -5 + (-4 - -11)?
0
Evaluate 3 + (0 + -3 - -1) + 1.
2
Evaluate -1 - (1 - 2 - -2).
-2
(-7 - -10) + (0 - -1) - -1
5
Calculate (-1 - -1 - (15 + -13)) + -1.
-3
9 - (-5 + (6 - -3))
5
What is the value of 2 - (1 - 1 - 5) - 10?
-3
What is the value of 4 + (0 + -7 - 0)?
-3
Evaluate 9 + (-3 - 7 - -7) + -12.
-6
Calculate 4 + -1 + 8 + -10 + 7.
8
Evaluate -3 + 4 + -10 - -15.
6
What is 1 + 3 + -5 + -3 + 2?
-2
What is the value of (2 - 6) + 4 + 3?
3
What is 2 + -4 + (-3 - -11)?
6
6 - (6 + (3 - 10))
7
Calculate -4 - (7 + 3 + -6).
-8
What is the value of 1 - 4 - (2 - 4)?
-1
Evaluate -5 - 1 - -5 - 6.
-7
Evaluate (0 - (-5 - (1 - 4))) + -3.
-1
What is -9 + (7 - (6 + 6) - -8)?
-6
Calculate -9 + 10 + -3 + 8.
6
What is the value of 4 - 1 - 6 - 1?
-4
Calculate 1 + (4 - 0) + -2.
3
What is the value of 1 + -8 + 3 + 1?
-3
What is 6 - ((-2 - 2) + (-2 - -9))?
3
What is 4 - (-3 - (-4 - 0))?
3
What is 14 - (5 - 0) - 4?
5
Calculate 12 + (5 - 3 - 9).
5
Evaluate -5 - (-1 + -5 + 4).
-3
Evaluate (-14 - -7) + -3 + 12.
2
Calculate (-6 - -7 - 2) + -2 + -4.
-7
Evaluate 2 - 0 - (-4 - (15 + -24)).
-3
Calculate (-10 - 1 - 3) + 23.
9
-2 + (0 - -1) + -3 - -1
-3
-1 - -4 - (0 + -1 + -1)
5
What is the value of -6 + 2 - (-1 - 3 - 8)?
8
(14 - 14) + (-4 - (1 - 5))
0
Calculate (-5 + 7 - 13) + 16.
5
Evaluate -45 + 58 + 0 + -5.
8
3 - (-10 + 2 + 6) - 1
4
What is -4 - (-4 - (-6 + 11 - 0))?
5
Calculate 4 - (-4 - (-4 + 0) - 1).
5
Calculate (3 - -2) + 0 - 2 - 3.
0
What is (6 - 5 - -13) + -4 - 1?
9
What is the value of 2 + -3 + 24 + -21?
2
What is the value of 6 + 2 + (1 - 6) + 0?
3
What is the value of (-3 - (-11 + 3 - -2)) + 3?
6
What is (7 + (10 - 8) - -5) + -7?
7
What is -25 - -30 - (3 - (1 - 1))?
2
Calculate 0 + 2 - 6 - -4.
0
Calculate (-66 - -66) + -1 + -8.
-9
10 + 5 + -28 - -8
-5
What is 13 - -1 - (-38 + 48)?
4
(-19 - (3 - 9)) + 12
-1
Calculate -4 + (-9 - -33) - 11.
9
12 + -7 - 0 - -2
7
Calculate -71 - -84 - (2 - -2).
9
What is the value of -4 - (-17 + 13 - -4)?
-4
What is the value of 2 - 4 - (-2 - (-1 - -6))?
5
Calculate 2 - (-2 - (1 - 0)).
5
Calculate (-31 - -34) + (0 - -2).
5
((0 - 3) + 2 - 2) + 0
-3
Evaluate 2 + (0 - 2) + (0 - -2).
2
Calculate -8 + 3 - (-13 + 12).
-4
10 - 11 - (2 + -1 + -1)
-1
What is -5 + (-9 - -6) + (-1 - -2)?
-7
What is the value of 7 - (-24 - -12) - 9?
10
Calculate -6 + 1 + (-2 - -4) + 1.
-2
What is the value of -6 + (18 - 7) + -10 + 2?
-3
-10 + (6 - (7 - 1))
-10
Evaluate 6 + -15 + 12 - (-2 + 0).
5
(-29 + 25 - (-6 - -1)) + -6
-5
What is the value of (-162 - -160) + (1 - -5)?
4
What is -2 - (1 + 0) - (10 + -8)?
-5
What is 1 + -6 + 5 + -4 + 0?
-4
What is the value of 2 + 6 + 5 - 24?
-11
Calculate (-6 - (-6 + 1)) + 3.
2
Evaluate -17 - -22 - (0 - 0).
5
3 - (7 + -9 - (1 - 8))
-2
What is the value of 10 - (12 - 9 - -4)?
3
What is 0 - 2 - -4 - 1?
1
What is the value of (-2 - (-1 - -5)) + 5?
-1
What is 17 - 14 - (-4 - -7 - -3)?
-3
Calculate -3 + -4 + 7 + 3.
3
What is ((1 - 2) + 1 - 1) + 1?
0
Evaluate (-2 - (-2 + -2)) + -7.
-5
Evaluate 1 + 1 + (-11 - -10) + 3.
4
Calculate (7 - (2 + -3)) + -3 + 3.
8
Calculate 2 + (-12 - (-13 - -6)).
-3
Calculate (3 - -2) + (17 - 7) + -13.
2
What is (-7 - 3) + 10 + -1 + -5?
-6
Evaluate 4 + -7 + 2 + 2.
1
What is 0 + -4 + 0 + 4 - 3?
-3
Calculate (-1 - 2) + (-7 - -13).
3
Evaluate (-8 - -5) + 2 - 6.
-7
What is the value of -3 - -7 - (6 - (3 + -2))?
-1
(5 - 4) + 6 + -3
4
Evaluate (1 - (3 + -2 + -1)) + 4.
5
Calculate (-5 - -3) + -4 + 2.
-4
-18 - (-3 + (-2 - 7))
-6
Evaluate (-2 - (-4 - -1)) + 3 + 1.
5
Evaluate (4 + -8 - (0 - -2)) + 2.
-4
1 - (4 - (-2 - -4))
-1
-1 - -1 - (-6 - (3 - 4))
5
Evaluate -7 - -2 - (-1 - (3 - -3)).
2
Evaluate -5 - -1 - 0 - (-56 + 48).
4
What is -1 + -8 + 12 + -2?
1
Evaluate -10 + 13 - (1 + 2).
0
What is 1 - (2 - (4 - -4))?
7
Calculate -1 + 7 - ((-2 - -3) + 1).
4
4 - 5 - -1 - (1 - 3)
2
(10 - 7) + 3 + -5
1
What is the value of 0 + (2 - 4) + 2 + 4?
4
Evaluate -4 + (-3 - 0 - (-1 - 1)).
-5
3 - 0 - 5 - (2 - 5)
1
Calculate -5 + 13 - (2 - (0 + -2)).
4
What is -1 + 4 + -4 + 1 - -4?
4
Evaluate -1 + 1 + 56 + -60.
-4
-6 - ((3 - 16) + (-2 - -8))
1
Calculate (-4 - -6) + 0 + -6.
-4
What is 3 - (6 + -2) - (-2 + -4)?
5
Evaluate (1 - 4) + 0 - (-34 - -34).
-3
3 + -7 - (1 + -4) - 5
-6
What is the value of 5 - 1 - (-31 + 28)?
7
What is 9 + (-1 - (6 + -3))?
5
What is the value of 8 + -2 + -6 + 4 + 1?
5
What is the value of -4 - (1 + -2 - -4) - -3?
-4
Calculate (8 + -6 - -4 - 2) + -13.
-9
What is the value of 5 - (4 + 3) - 5?
-7
Calculate -4 - (-7 + (-2 - -1 - -1)).
3
What is 4 + -5 + 3 + 1 - -2?
5
What is the value of 9 + (-2 - (0 - -2))?
5
Calculate (2 - 4) + -3 + (14 - 10).
-1
-22 + 11 + 3 - (-3 - 0)
-5
What is -4 + 2 + 5 - (-4 + 2)?
5
Evaluate -3 + 8 - (-1 + 2) - -1.
5
Calculate -1 + (-5 - -7) + 4.
5
Evaluate (1 - 10) + -4 + 10.
-3
Evaluate 3 + (-5 - (-3 - -1)).
0
What is -1 + ((2 - 4) + 3 - -1)?
1
Calculate 10 - (4 + -2 - -6).
2
Evaluate (2 + -1 - -9) + -9.
1
What is 2 - 1 - (-8 + -3 + 6)?
6
What is the value of (21 - 36) + 14 - (7 - -1)?
-9
Calculate -2 - (14 + -3 - 22).
9
Evaluate 1 + 2 - (-6 - -2 - -5).
2
Calculate 1 - -2 - (0 + (2 - 3)).
4
What is 0 + 2 + 0 - 1?
1
What is -4 - (0 + -2) - (6 + -9)?
1
(-1 + 4 - -7) + -5 + 2
7
-2 - (1 - (-7 - -6))
-4
Evaluate -25 + 17 + (3 - 0).
-5
Calculate -10 - (5 + -12 - (-5 + 1)).
-7
(6 - -1) + -2 + -4 + 2
3
Evaluate (0 - -18) + -18 - (8 - 1).
-7
Evaluate 3 - 0 - 5 - (1 - 6).
3
What is the value of 3 + -1 - (-19 + 9 - -7)?
5
Calculate -5 + (9 - (3 + 3)).
-2
What is the value of -10 - (-4 - 6) - (0 + 1)?
-1
What is the value of -4 + 2 + -2 + 2?
-2
What is the value of -4 + 5 + 7 - 3?
5
-3 - 0 - (-2 + 6 - 4)
-3
Evaluate 4 - 2 - (5 - -2 - 1).
-4
What is the value of 0 - -1 - (2 - 5 - -3)?
1
Evaluate 3 + 1 + (7 - 17).
-6
Calculate (-1 - (3 - -3)) + 3.
-4
Evaluate 4 - (3 + 5 + 0 + -4).
0
Calculate -4 + (5 - (-4 + 6)).
-1
What is -13 - (-5 + -6 + 6) - -1?
-7
-1 - (-3 + -6 - -14)
-6
What is (-3 - -2 - (-7 + 8)) + -2?
-4
1 + (-5 - -1) - 0
-3
Calculate -7 - (0 - (15 - 7)).
1
Calculate (-1 + -11 - -5) + -1.
-8
What is 3 - 1 - 6 - -10?
6
Evaluate 2 + 1 + (5 - 4).
4
What is the value of (-6 - 4 - -6) + (-3 - -6)?
-1
Calculate (0 + 1 - 0) + 40 + -35.
6
What is 4 + (5 - 2) + -2?
5
Evaluate -25 - -28 - (1 + -3).
5
Calculate 2 + -4 - -2 - -5.
5
What is the value of -1 + (2 - -5) + 1 + -6?
1
5 - (-8 + 0 + (31 - 13))
-5
What is 2 - 5 - (3 - (3 - 2))?
-5
Evaluate -5 - (5 + (-2 - 5)).
-3
Evaluate 4 + (-3 - 3) + 3 + 1.
2
Calculate (-4 - -5) + 1 + (2 - 0).
4
What is the value of 4 + -1 - (-6 - -4)?
5
What is 3 - ((-3 - -4 - -3) + -2)?
1
What is the value of 3 - (-3 - 0) - 4?
2
Evaluate 2 + -3 + 0 + 1 + -4.
-4
Evaluate 2 - (-8 + 0 - -5).
5
What is the value of -1 - (4 + 5 + -11)?
1
What is -6 - (6 + (-11 - 2) + -1)?
2
Calculate (3 - -1) + (5 - 2) - 2.
5
What is -6 + -5 + 8 + (0 - -8)?
5
Calculate 5 + -4 + 5 + -4.
2
Calculate 1 - (-2 + 1) - (2 - 6).
6
1 - 2 - 3 - -8
4
What is 12 + (6 - 7) - 16?
-5
What is the value of -14 + 4 + 0 + 3?
-7
-1 + (2 - (0 - (3 - 4)))
0
Evaluate (1 - 4) + 1 - 2.
-4
Calculate -5 + 6 + 0 + 5.
6
Evaluate (4 - 3 - 1) + 2 - -2.
4
1 + -2 + (10 - 6) + 4
7
What is -6 + (2 - (0 + 1))?
-5
-5 - 3 - -4 - (-1 + -1)
-2
What is the value of -2 - (-4 - 0) - -3?
5
What is the value of 2 + 4 - (18 - 16)?
4
Evaluate -8 + 0 + 4 + 6 + -5.
-3
What is 1 + 0 + (21 - 17)?
5
Calculate 1 - (0 - -4) - (-10 + 6).
1
Evaluate (-6 - -4) + 4 + 0.
2
Calculate 2 - 3 - 